hen l is divided by v(2)?
20
Let i(g) be the third derivative of -g**4/6 - g**3/6 + g**2. What is the remainder when 30 is divided by i(-3)?
8
Let a(o) = o**3 - 2*o**2 + 4*o - 3. Let j = 0 + 2. Let g(v) = -v**2 - 4*v + 3. What is the remainder when a(j) is divided by g(-4)?
2
Suppose 4*f = -3*p + 45, 0 = -2*f + 4*f. Suppose -5*w = 3*n - 29, -w - 14 - 25 = -5*n. Calculate the remainder when p is divided by n.
7
Let z(c) = -c**2 - 3*c + 19. Calculate the remainder when 14 is divided by z(-5).
5
Suppose 12 = 2*f - 16. What is the remainder when 69 is divided by f?
13
Suppose 5*c = -2*l + 28, -2*l + c = -5 + 1. Let v = -448 + 693. Suppose -u - l*u + v = 0. Calculate the remainder when u is divided by 17.
15
Suppose 3*q + q = 16. Suppose -5*x - 254 = -4*k, q*x - 3*k = -k - 208. Let j = 85 + x. What is the remainder when j is divided by 11?
9
What is the remainder when 2 + (-60)/35 + (-456)/(-21) is divided by 16?
6
Calculate the remainder when 1/4 + (-63)/(-4) is divided by 9.
7
What is the remainder when 131 is divided by 36/90 + 163/5?
32
Let n = 14 - -3. Let o = -17 + 26. What is the remainder when n is divided by o?
8
Suppose -175 = -4*c - 15. What is the remainder when c is divided by 7?
5
Let o = 0 - -2. Let j be o - (6/(-3) + 2). Suppose -20 = -x - 2*h, j*h - h - 37 = -2*x. What is the remainder when 52 is divided by x?
16
Suppose -4*c + 0*q = -4*q - 36, 4*c - 48 = -2*q. Let d be (-94)/(-4)*2*1. Let i = -27 + d. What is the remainder when i is divided by c?
9
What is the remainder when 26*(-4 - 36/(-8)) is divided by 8?
5
Suppose -102 = 13*y - 388. Calculate the remainder when 219 is divided by y.
21
Suppose 2*g + 18 = 2*z, -2*g - 6 = -0*g. Calculate the remainder when ((-33)/6 - -3)*-6 is divided by z.
3
Suppose 0*w = 5*w - 5. Let s(j) = -j**3 - 7*j**2 + 7*j - 4. Let d be s(-8). Suppose -d*p = p + 5, -5*q = 2*p - 3. What is the remainder when q is divided by w?
0
What is the remainder when 40 is divided by (-15 + 5)/((-8)/12)?
10
Suppose -2*o = 5*k - 3*o - 5, 0 = 5*k + 5*o - 5. What is the remainder when k is divided by 1?
0
Let l(d) be the second derivative of -d**3/6 + 25*d**2/2 + 4*d. Calculate the remainder when 67 is divided by l(8).
16
Let r be (-1 + (-2 - -2))*0. Let s be -3*3/(-12)*4. Suppose r*l - 3*i + 93 = s*l, -3*i + 149 = 5*l. Calculate the remainder when l is divided by 10.
8
Suppose 6*a - a + 5*k = 205, a + 4*k - 53 = 0. Calculate the remainder when 109 is divided by a.
35
Suppose -5*l - 5*x + 45 = -4*l, -l - 4*x = -44. Let m = l - 21. Let u = m + -13. What is the remainder when 16 is divided by u?
4
Let r(t) = t + 1. Let i be r(-1). Suppose i = -9*j + 8*j + 10. What is the remainder when j is divided by 6?
4
Suppose 0*o - o + w - 2 = 0, 3*o + 5 = 2*w. Calculate the remainder when 13 is divided by (o - -1 - -5)/1.
3
Suppose 2*c - 86 = -2*h, 3*h + 3 = 6*h. Calculate the remainder when c is divided by 9.
6
Suppose -7*d + 4*d = -84. What is the remainder when 109 is divided by d?
25
Let x = -105 + 180. What is the remainder when x is divided by 19?
18
Let n = -6 - -11. Calculate the remainder when 8 is divided by n.
3
Calculate the remainder when (2/2)/((-1)/(-5)) is divided by 3.
2
Let o be 1/(21/6 - 3). Suppose -o*x = -2*h - 14, -3*x - h + 13 = x. Suppose -2*z + 79 = x*i - 21, -i = 4*z - 25. What is the remainder when 73 is divided by i?
23
Let q be 3/7 - (-956)/7. Suppose -3*t = 5*d - 130, -5*t + 2*d = -2*t - q. Calculate the remainder when t is divided by 24.
21
Let y be 58/7 - (-10)/(-35). Let d = -5 + y. Calculate the remainder when d is divided by 2.
1
Calculate the remainder when 48 is divided by ((-3)/9)/(2/(-162)).
21
Suppose 9*p = 10*p. Let i be 3 + -3 - (5 - 0). Let h = p - i. Calculate the remainder when h is divided by 2.
1
Calculate the remainder when (-4)/((-8)/6) + 14 is divided by 10.
7
Suppose -2*u + 48 = 2*u. Let t = u + -6. Suppose 3*p - 10 = t*p + 5*x, x = -p. What is the remainder when p is divided by 3?
2
Suppose 4*j - 38 - 6 = 0. Let t(n) = -n**3 + 9*n**2 - 4*n - 11. Let u(q) = -q. Let k be u(-8). What is the remainder when t(k) is divided by j?
10
Let r = 18 - 10. What is the remainder when 54 is divided by r?
6
Suppose 12*h - 16*h = -8. Suppose -z = 2*y - y - 2, -4 = -2*y - 5*z. What is the remainder when h is divided by y?
0
Let q(k) = k**2 - 11*k - 1. Let j be q(12). Suppose 0 = n + 1 - j. Calculate the remainder when n is divided by 3.
1
Suppose -21 + 60 = 3*x. Suppose 34 = 2*v - 90. What is the remainder when v is divided by x?
10
Suppose -5*y - 120 = -5*j, -j + 0*j + 5*y + 12 = 0. Calculate the remainder when j is divided by 14.
13
Suppose 2*j = -2*u + 56, 3*j = -2*j - 2*u + 140. Calculate the remainder when j is divided by 10.
8
Let v(b) = -b + 14. Let t(a) = -a**3 + 5*a**2. Let m be t(5). Let w = 51 + -11. What is the remainder when w is divided by v(m)?
12
What is the remainder when 4 is divided by (0 - 1)/((-8)/16)?
0
Suppose -6 = -0*r + 2*r. Let c(g) = g**2 + g - 2. Calculate the remainder when 6 is divided by c(r).
2
Let s = -1 + 36. Calculate the remainder when s is divided by 19.
16
Suppose -32 - 95 = -5*c + 3*t, 0 = 2*c - 3*t - 58. Let l = c - 16. What is the remainder when 19 is divided by l?
5
Let p(y) = 0*y**3 - 6*y - y**3 + 9*y**2 + 0*y**3 - 6. Let v(u) = -u**3 - 3*u**2 - 4*u - 4. Let b be v(-3). Calculate the remainder when 29 is divided by p(b).
9
Let x = 100 + 17. Calculate the remainder when x is divided by 17.
15
What is the remainder when 328/6 - 2/3 is divided by (-1)/9 - 762/(-54)?
12
Let b = 36 + -23. What is the remainder when 37 is divided by b?
11
Let m(y) = 69*y. Calculate the remainder when m(1) is divided by 24.
21
Suppose -4*q + 0*q = -48. Calculate the remainder when 21 is divided by -4*(q/(-16) - 2).
10
Let u be (19/3)/((-8)/(-24)). Let o = 31 - u. Let p = -17 + 39. What is the remainder when p is divided by o?
10
Let y(x) = -6*x + 0*x + 2*x + 2*x - 1 + 29*x**2. What is the remainder when y(-1) is divided by (0 - (-8)/(-6))*-12?
14
Let l(h) = h**2 + 15*h + 4. Calculate the remainder when 37 is divided by l(-15).
1
Suppose -y + p + 53 = 0, -5*y + 0*p + 277 = -p. Suppose -2*o + 5 + 1 = 0. What is the remainder when y is divided by 1/o - 56/(-3)?
18
Suppose 0*y + 3*y + 4*s = 18, 2*s + 46 = 4*y. Let a(j) = -2*j - 4. Let n(l) = l + 3. Let t be n(-7). What is the remainder when y is divided by a(t)?
2
Suppose c - 2 = 0, -2*j + 4*c = 7*c - 232. What is the remainder when j is divided by 29?
26
Let l = 96 - 89. Calculate the remainder when 11 is divided by l.
4
What is the remainder when 153 + 6 + 1 + -5 is divided by 26?
25
Let g(o) = -o**3 - 10*o**2 - 11*o + 8. Suppose -b - 15 = 2*n + 8, 4*b - 4 = 0. Calculate the remainder when g(-9) is divided by n*(3 - 45/12).
8
Suppose r - 24 = -3*r. Suppose 3*v = 78 - 9. What is the remainder when v is divided by r?
5
Suppose 0 = -3*v - 3*n + 87, v + n = 2*v - 27. What is the remainder when 110 is divided by v?
26
Let p = 21 - 6. What is the remainder when 43 is divided by p?
13
Suppose -2*a = 2*d - 4*d - 110, -3*a + 4*d + 161 = 0. Calculate the remainder when a is divided by 12.
11
Calculate the remainder when 2 + ((-4)/1 - -8) is divided by 2.
0
Let x = -1 - 0. Calculate the remainder when x - (-3 - (-80)/(-4)) is divided by 8.
6
Suppose -138 = -2*d + 4*r, -d = -0*d - 4*r - 69. Suppose -2*h - 13 = -k + 3, 2*h = -k + 32. What is the remainder when d is divided by k?
21
Let w(t) = 5*t**2 + 3*t - 3. Let m be (-3 + 2)*(1 - 52). Suppose -4*x = -x - m. What is the remainder when w(-3) is divided by x?
16
Let g = -23 + 93. Suppose 18*z - 508 = -76. Calculate the remainder when g is divided by z.
22
Let x be (1 - 3)/2 + 1480. What is the remainder when 2/9 + x/27 is divided by 15*1 - (-6 - (-1 + -1))?
17
Let y(k) = 9*k**2 - 3*k - 2. Let n be y(-1). Let s(f) = -f**3 + 2*f**2. Let o be s(2). Suppose o = -2*r - n + 26. What is the remainder when 21 is divided by r?
5
Let g(w) = 5 + 0*w**2 + 4*w**2 - 3*w + 0*w**2 - w**2. Let o be g(2). Suppose 0 = -t - 3 + o. What is the remainder when 29 is divided by t?
5
Suppose 3*g = 20 + 28. Suppose -56 - 128 = -4*o. Calculate the remainder when o is divided by g.
14
Suppose i - 5*d = -12, 2*i - 9 = -3*d + 2*d. Let s = -1 - -1. Suppose i*r - 43 - 74 = s. What is the remainder when r is divided by 20?
